) = -27*s + 2148. What is n(53)?
717
Let m(x) = -36608*x + 585835. Give m(16).
107
Let w(r) = -r**3 - 102*r**2 + 85*r + 63461. What is w(-96)?
5
Let t(n) = -4945*n - 1854480. Calculate t(-375).
-105
Let n(b) = 135*b + 492. Give n(-3).
87
Let i(y) = 609*y - 48153. Determine i(79).
-42
Let b(n) = 5356*n + 41903. Calculate b(-8).
-945
Let a(i) = -8*i**2 + 140*i - 118. Determine a(25).
-1618
Let u(z) = 3*z**3 + 17*z**2 + 354*z + 2157. Determine u(-6).
-3
Let j(x) = 6*x**2 - 124*x - 920. Determine j(25).
-270
Let s(q) = 7*q**3 + 126*q**2 + 289*q + 5117. Calculate s(-18).
-85
Let w(r) = -682*r + 197091. Calculate w(289).
-7
Let i(f) = -187*f + 3878. Give i(17).
699
Let z(o) = 5*o**2 - 11758*o + 93740. Calculate z(8).
-4
Let f(v) = -28482*v - 170967. Determine f(-6).
-75
Let q(l) = 6*l**3 + 18*l**2 + 213*l + 818. Calculate q(-4).
-130
Let w(s) = s**3 - 182*s**2 + 233*s + 245. Calculate w(2).
-9
Let p(u) = -1034*u + 1038. Calculate p(1).
4
Let w(b) = 113*b**2 - 35937*b + 978. Determine w(318).
24
Let d(g) = 140790*g - 2956598. Determine d(21).
-8
Let a(h) = -21*h**3 + h**2 + 23*h + 6. What is a(-2)?
132
Let n(o) = 182*o**2 - 37132*o + 808. Determine n(204).
-8
Let o(a) = 939*a + 27093. What is o(-27)?
1740
Let s(x) = -33*x**2 + 930*x - 1037. Determine s(27).
16
Let c(f) = -f**3 + 64*f**2 - 1006*f + 243. Determine c(38).
-441
Let t(f) = -4*f**2 + 782*f - 11363. What is t(16)?
125
Let m(l) = -l**3 - 1168*l**2 - 12714*l + 139. Give m(-11).
-4
Let f(h) = h**3 + 179*h**2 + 3662*h - 9007. What is f(-155)?
-17
Let j(f) = -81*f**2 - 7443*f + 891. Calculate j(-92).
63
Let i(g) = -406*g + 47554. Give i(117).
52
Let d(a) = 53*a**2 + 3031*a - 12143. Give d(4).
829
Let o(n) = -n**3 - 333*n**2 - 1584*n - 755093. What is o(-335)?
-3
Let i(r) = -r**3 - 199*r - 629. What is i(-3)?
-5
Let w(s) = 205*s + 28478. Determine w(-139).
-17
Let x(p) = p**2 - 5413*p - 328313. Calculate x(-60).
67
Let b(d) = -3*d**2 + 49*d + 398. What is b(-13)?
-746
Let r(w) = -14*w**2 + 992*w - 3967. Determine r(66).
521
Let q(b) = -b**3 + 26*b**2 - 66*b - 721. Determine q(21).
98
Let o(k) = -156*k**2 - 2598*k + 974. Give o(-17).
56
Let t(l) = -3868*l - 6313. What is t(-2)?
1423
Let c(x) = 16*x**2 + 1035*x + 3938. Give c(-61).
339
Let o(b) = -4752*b + 351637. Give o(74).
-11
Let q(p) = 4128*p - 970. Calculate q(0).
-970
Let a(u) = -10816*u + 65478. Calculate a(6).
582
Let w(o) = -o**3 + 233*o**2 - 148*o - 19480. Give w(232).
8
Let z(u) = -379*u**2 + 2671*u - 129. Calculate z(7).
-3
Let j(d) = 20891*d + 167066. Calculate j(-8).
-62
Let y(l) = 60*l**2 + 896*l + 664. Give y(-14).
-120
Let z(o) = 705*o - 7737. Determine z(11).
18
Let i(z) = -19*z**2 + 55*z + 451. Give i(7).
-95
Let p(s) = -s**2 - 28*s + 184. Determine p(-64).
-2120
Let b(x) = -52*x - 2598. What is b(-44)?
-310
Let u(f) = -384*f - 9818. Give u(-29).
1318
Let x(m) = 292616*m + 4681834. Calculate x(-16).
-22
Let l(a) = a**3 + 147*a**2 - 3211*a - 490148. Calculate l(-146).
-26
Let k(w) = -w**3 - 96*w**2 - 575*w - 140. Determine k(-90).
3010
Let s(h) = 355767*h + 711492. Give s(-2).
-42
Let b(c) = 2*c**3 - 44*c**2 - 292*c + 3493. Give b(25).
-57
Let t(b) = -999*b - 494493. Calculate t(-495).
12
Let v(t) = t**3 + 49*t**2 + 493*t + 96. Determine v(-35).
-9
Let v(q) = -1983*q + 15311. Calculate v(8).
-553
Let h(a) = 5*a**2 - 177*a + 783. Determine h(5).
23
Let s(n) = -133*n - 1018. Calculate s(-11).
445
Let p(i) = 2*i**2 - 39*i + 2. Calculate p(-19).
1465
Let k(d) = 510*d - 121354. Determine k(238).
26
Let i(s) = 312798*s - 9383932. Calculate i(30).
8
Let g(z) = 2*z**3 + 26*z**2 - 612*z - 7. Calculate g(11).
-931
Let s(f) = 6*f**3 - 387*f**2 - 225*f + 351. What is s(65)?
-1599
Let v(a) = 24*a**3 + 4*a**2 - 185*a - 548. Calculate v(-3).
-605
Let c(r) = -81*r**3 + 25*r**2 + 64*r - 22. Determine c(-3).
2198
Let v(n) = -n**3 + 706*n**2 - 6946*n - 145. Give v(10).
-5
Let o(n) = 42*n**2 + 43*n + 163. Give o(-5).
998
Let i(m) = 111*m**2 - 53607*m - 2891. Give i(483).
7
Let z(v) = 2*v**2 - 230*v + 5489. What is z(36)?
-199
Let j(p) = 94440*p - 6516386. Give j(69).
-26
Let n(l) = l**2 - 718*l - 81818. What is n(-100)?
-18
Let p(g) = g**2 + 176*g + 7788. What is p(-96)?
108
Let d(v) = v**2 - 83*v - 1850. Calculate d(102).
88
Let u(o) = 2116*o + 55485. Calculate u(-25).
2585
Let j(l) = -3*l**3 - 612*l**2 + 180*l + 37185. Determine j(-204).
465
Let x(o) = o**2 + 95*o + 2567. What is x(-44)?
323
Let a(w) = -12*w**2 - 8855*w + 8858. What is a(1)?
-9
Let j(f) = 2162710*f - 28115230. What is j(13)?
0
Let n(s) = s**3 + 51*s**2 - 172*s - 869. Determine n(-54).
-329
Let z(r) = -109512*r + 2080732. Determine z(19).
4
Let u(q) = 61*q**2 + 415*q - 403. Give u(1).
73
Let g(j) = 26*j**2 + 1728*j + 27098. Give g(-41).
-44
Let w(j) = j**2 + 211*j + 9700. Determine w(-143).
-24
Let x(b) = -753637*b - 753633. Give x(-1).
4
Let j(s) = 4*s**3 - 222*s**2 + 62*s + 2648. Determine j(55).
8
Let x(r) = 5738*r - 13320. What is x(3)?
3894
Let v(j) = 364846*j + 1094540. Determine v(-3).
2
Let v(t) = -350*t + 10762. Determine v(31).
-88
Let u(f) = -11250*f + 101368. Determine u(9).
118
Let a(q) = -1832*q + 4468. What is a(3)?
-1028
Let j(q) = -q**3 - 66*q**2 - 1253*q - 11340. Give j(-43).
12
Let i(r) = -2*r**3 + 57*r**2 + 941*r + 779. Determine i(-11).
-13
Let f(s) = s**3 + 47*s**2 - 752*s - 38059. Calculate f(-45).
-169
Let r(n) = 1349*n + 44526. What is r(-33)?
9
Let m(g) = g**3 - 8*g**2 - 349*g + 3667. Calculate m(14).
-43
Let v(k) = -50204*k + 3062442. Give v(61).
-2
Let v(d) = -70*d + 3489. Calculate v(62).
-851
Let t(n) = 14*n - 1264. Give t(47).
-606
Let f(r) = 3241*r - 661096. Determine f(204).
68
Let u(x) = -191*x + 4659. What is u(27)?
-498
Let h(t) = 382*t - 2177. Determine h(8).
879
Let z(v) = 30*v**3 - 509*v**2 - 53*v + 611. Determine z(17).
-1
Let a(v) = -201*v + 7100. Calculate a(31).
869
Let h(a) = 16905*a - 980441. Determine h(58).
49
Let u(i) = -17*i**2 - 157*i - 320. Determine u(-6).
10
Let i(u) = 652*u**2 - 15645*u - 75. What is i(24)?
-3
Let p(t) = -2*t**3 + 820*t**2 + 6660*t + 11714. What is p(418)?
10
Let h(b) = 144*b**2 + 19167*b + 20990. Determine h(-132).
2
Let z(r) = -r**3 + 718*r**2 + 59469*r - 57. Give z(-75).
393
Let r(l) = l**2 + 450837*l - 24348119. What is r(54)?
-5
Let m(v) = -172*v**2 + 2234*v - 3767. Give m(11).
-5
Let i(d) = 2265523*d + 11327615. Calculate i(-5).
0
Let r(c) = -2*c**3 - 29*c**2 - 19*c + 289. Give r(-4).
29
Let j(d) = -89*d - 455. What is j(-15)?
880
Let y(h) = h**2 + 92*h + 1967. Give y(-26).
251
Let b(l) = 11*l**3 - 2*l**2 + 67*l - 129. Give b(3).
351
Let c(l) = -35*l**2 + 605*l - 380. What is c(18)?
-830
Let a(i) = -107882*i + 22. Calculate a(0).
22
Let w(g) = -699428*g + 5595431. Calculate w(8).
7
Let w(v) = -v**2 - 32*v + 359. Determine w(-33).
326
Let o(s) = -7*s**3 + 23*s**2 + 132*s + 2. What is o(-4)?
290
Let r(n) = -69*n + 7513. What is r(87)?
1510
Let t(f) = 35*f**2 + 650*f + 246. Determine t(-21).
2031
Let w(c) = -c**2 - 1379*c + 74464. Calculate w(52).
52
Let q(l) = 3*l**3 - 1408*l**2 + 476*l - 3208. Calculate q(469).
75
Let k(l) = -96*l**2 - 2224*l - 89. Determine k(-23).
279
Let z(b) = 2*b**3 - 285*b**2 + 4998*b + 48242. Determine z(120).
2
Let t(j) = -j**3 - 31*j**2 - 227*j + 66. Calculate t(-18).
-60
Let w(r) = -r**2 + 243*r + 3865. Determine w(-15).
-5
Let o(j) = 23*j**3 + j**2 + 20*j - 69. Calculate o(4).
1499
Let s(p) = 2*p**3 + 1028*p**2 + 15938*p + 27. Determine s(-16).
-5
Let x(u) = -2941*u - 88225. Determine x(-30).
5
Let s(j) = 4*j**3 + 9*j**2 - 37. Calculate s(-4).
-149
Let w(r) = -r**3 - 7*r**2 - 97*r - 810. Calculate w(-8).
30
Let l(a) = -153*a**2 + 549*a - 447. Calculate l(2).
39
Let j(q) = -12*q**3 + 972*q**2 - 30*q + 2507. Calculate j(81).
77
Let u(h) = -h**3 + 1409*h**2 - 62703*h + 217. What is u(46)?
-13
Let m(w) = -3879*w + 166084. Calculate m(43).
-713
Let k(r) = r**3 - 25*r**2 + 82*r + 501. Calculate k(21).
459
Let p(u) = -u**2 + 68*u - 1000. Give p(46).
12
Let y(h) = 3*h**3 - 18*h**2 - 51*h + 413. Determine y(7).
203
Let x(u) = -u**3 - 11*u**2 + 110*u + 1690. Calculate x(-15).
940
Let j(c) = -c**2 + 10*c + 731. Calculate j(-23).
-28
Let z(n) = 50457*n + 7114453. Give z(-141).
16
Let x(j) = 74*j**2 - 10831*j - 6947. What is x(147)?
-38
Let j(a) = 98*a - 851. What is j(11)?
227
Let j(g) 